2.
16
Let l = 1688 + -1488. Calculate the highest common divisor of l and 50.
50
Suppose -19 = w + 5*d, 0 = -4*w - d + 23 - 4. Let v = w - 4. Suppose -4*o - 356 = -5*s, v*s - 4*s + 5*o = -139. What is the highest common factor of 48 and s?
24
Let i be 1/(-2) - 254/(-4). Let s be (-3)/(-1)*(2 - i). Let g be s/(-15) + 4/(-20). What is the highest common factor of g and 12?
12
Let a = 834 - 818. Let k be 162/5 + 6/(-15). What is the greatest common divisor of k and a?
16
Let o = -295 + 330. Calculate the greatest common divisor of 49 and o.
7
Suppose 3*m - 4 = 5*z, 0 = -0*m - 4*m - 5*z + 17. Suppose 268 = m*w - 32. Let s = 26 - 6. What is the highest common factor of s and w?
20
Suppose -2*h = -4*q + 52, 3*q - 68 = -h - 24. What is the greatest common divisor of 42 and q?
14
Let z(f) = -3*f - 3. Let v be z(-5). Calculate the highest common factor of v and 48.
12
Let u = -1000 - -1053. What is the highest common divisor of u and 424?
53
Let u(a) = 24*a + 1. Let s be u(1). Let m(f) = -f - 3. Let r be m(-8). Calculate the highest common divisor of r and s.
5
Let i(c) = c**3 + 9*c**2 + 10*c + 12. Let b be i(-6). Suppose -1 = -2*q + 5. Suppose -3 = -q*h + b. Calculate the greatest common factor of 7 and h.
7
Let w = 23 + -23. Suppose w = 2*t - 2. What is the highest common factor of 4 and t?
1
Let j = -55 + 88. Suppose -4 = f + 5*d, 4*f = -0*f - 2*d - 70. Let k = 52 + f. What is the greatest common factor of k and j?
33
Let j(k) = -2*k**3 + 8*k**2 - 5*k + 1. Let n be j(6). Let d = n - -119. Let h be (-9 - 0)/(3/d). Calculate the highest common factor of h and 18.
18
Suppose -181*s + 3114 = -687. Let w = -1 + 1. Suppose -3*c = -w*c - 189. What is the highest common divisor of s and c?
21
Suppose 0 = 1785*y - 1773*y - 6012. Calculate the greatest common factor of 1336 and y.
167
Let g be 12/(-30) + (-34)/(-10). Suppose -5 = -g*h + 25. Suppose 6*m + 44 = h*m. What is the highest common factor of m and 1?
1
Let p = 1102 + -1021. Calculate the greatest common divisor of p and 891.
81
Suppose -3*z = -4*a + 9, 5*a = 25 - 10. Calculate the highest common factor of z and 5.
1
Let t(s) = -2*s - 22. Let n be t(-13). Suppose x - 405 = -n*x. What is the highest common factor of x and 9?
9
Let r(o) = -o - 13. Let q be r(13). Let g be q/(0 + -2) - 2. Let x = 26 - g. Calculate the highest common divisor of x and 15.
15
Let n = -66 + 174. Let x be (-2 - (-28)/8)*2. Suppose l = 5*u - 65, x*u + 2*u + l - 55 = 0. Calculate the greatest common divisor of n and u.
12
Let k be (-149)/4 + (-36)/48. Let y = -11 - k. Calculate the greatest common divisor of y and 3.
3
Let w be -53 - -58 - (0 + -227). What is the highest common divisor of w and 58?
58
Let o = 122 - -18. What is the greatest common divisor of o and 770?
70
Suppose 1288*y = 1305*y - 7140. What is the greatest common divisor of y and 80?
20
Let g(w) = 2*w**2 + 15*w + 29. Let p be g(-4). What is the greatest common factor of p and 29?
1
Suppose -4*m - 804 = -5*n, -676 = -4*n - 8*m + 3*m. Let h be (-4)/(-8) + n/8. Calculate the greatest common factor of h and 21.
21
Let p(g) = 15*g**2 - 75*g - 28. Let o be p(7). Calculate the greatest common factor of 70 and o.
14
Suppose 4*t = -2*z + 16, 3*z = -z + 3*t + 87. Calculate the greatest common divisor of z and 1494.
18
Let d = -293 + 411. Calculate the highest common divisor of 413 and d.
59
Let f(t) = -t**2 - 46*t - 469. Let a be f(-17). Suppose -6*j - 2*c + 70 = -j, 4*j = 5*c + 23. Calculate the highest common divisor of a and j.
12
Let a = -8 - -68. Let w = 12 + a. Calculate the greatest common divisor of w and 24.
24
Suppose -2*g + 5*l = 1088, g - 538 = 2*g - 4*l. Let c = -202 - g. What is the highest common divisor of c and 44?
44
Let z be -3 + (13 - 6) + 6. Calculate the highest common divisor of 230 and z.
10
Let i be (-12)/12*(-4 + 0). Suppose -30 = -y - 5*b + 5, i*y = -b + 121. Calculate the highest common factor of y and 240.
30
Let i be 774/15 + (-3)/5. Let l be (6/(-45) - 129/45) + 20. What is the highest common divisor of l and i?
17
Let c be ((-60)/6 + 4)/((-4)/18). Calculate the greatest common divisor of 216 and c.
27
Suppose -5*k + 15 = -0*k. Suppose k*d - d - 5*t = 165, -4*d + 372 = 4*t. Calculate the greatest common factor of 60 and d.
30
Let l be ((-32)/10)/((-4)/30). Let q be 2 + (1 + -4)/(-3). What is the highest common divisor of l and q?
3
Let w = 23 - -28. Let d(z) = 3*z**3 - 21*z**2 + 5*z - 18. Let a be d(7). Calculate the greatest common divisor of a and w.
17
Let j(h) = h**2 + 8*h - 11. Let g be j(-9). Let x be (4 - -34)/((-4)/g). What is the greatest common factor of x and 19?
19
Suppose 5*t - 185 = -n + 267, 1304 = 3*n + 2*t. Calculate the highest common factor of n and 54.
54
Suppose 4*m - 525 = 3*m. Suppose -5*b - 2*x = -m, 4*b + x = -4*x + 420. Calculate the highest common factor of 15 and b.
15
Let j be (-2)/(-8) + (-18)/8. Let p be j + 4 + (137 - 9). What is the greatest common divisor of p and 52?
26
Let q = -325 + 381. Calculate the greatest common factor of 8 and q.
8
Suppose -4*q + 5 = t - 8, -4*t + 3*q + 14 = 0. Let g = 37 - 28. Suppose -3*x + 6 + g = 0. Calculate the highest common factor of t and x.
5
Suppose p = -5*d + 272, 3*d - 756 = -9*p + 6*p. What is the highest common divisor of 19 and p?
19
Let s(j) = -10*j. Let g = -37 + 35. Let u be s(g). Let k(t) = -6*t - 1. Let f be k(-1). Calculate the greatest common divisor of u and f.
5
Let j = -384 - -496. What is the highest common factor of j and 28?
28
Let j(z) = 3*z**2 - 3*z - 2. Suppose -2*o = -5*o + 9. Let r be j(o). What is the highest common divisor of r and 80?
16
Let u be 8/(-40) + 56/5. Let o be u - (-3)/6*2. What is the highest common factor of o and 12?
12
Let j be (-76)/18 - (-12)/54. Let n(w) = w**2 + 6*w. Let s be n(j). Let f = 10 + s. What is the greatest common divisor of 2 and f?
2
Let k(f) = 2*f**2 - 19*f - 9. Suppose 5*l - h = 16 + 41, -50 = -4*l + 3*h. Let d be k(l). What is the greatest common factor of 216 and d?
24
Let n be 1 - ((-2 - 5) + 0). Suppose 2 = t - n. Suppose 277 = 5*b - 273. Calculate the greatest common factor of b and t.
10
Let n be (55/(-5) - 0)/((-3)/36). Calculate the greatest common divisor of 24 and n.
12
Let i be 11*2*(1 + 0). Let w be 0 + (-2 - (0 - -1)*-3). Let d be 0 + (2 - w) - -109. Calculate the highest common factor of i and d.
22
Let t(c) = -4 + 9*c + 0 + c - 2*c. Let w be t(5). Calculate the highest common factor of 6 and w.
6
Suppose 3*n - 29 = -4*y + 11, 5*y - 15 = -2*n. Let l be (-4)/((-1 + -3)/n). Suppose 2 = m - 3. Calculate the highest common factor of l and m.
5
Let c(n) = n - 12. Let i be c(8). Let q be (1 - -2) + 52 + (i - -1). What is the highest common factor of q and 13?
13
Suppose 12 = 4*f - 4*y, -3*f + y = -3 - 8. Suppose -f*c + 142 = 30. Suppose -2*l = -0*l - 56. What is the greatest common factor of l and c?
28
Let d(c) = -c**3 - c**2 - 3*c + 351. Let s be d(0). Calculate the greatest common divisor of 26 and s.
13
Let k(j) = 286*j - 227. Let u be k(2). Calculate the highest common factor of u and 23.
23
Let y(m) = m**2 + 10*m + 1. Let g be y(7). Suppose 0 = -5*n - g - 55. Let q = -24 - n. What is the greatest common factor of q and 55?
11
Let n(y) = -y**3 + 4*y**2 - 4*y + 2. Let j = 1 + 1. Let q be n(j). Suppose q*r - 42 = 14. What is the greatest common factor of 70 and r?
14
Let b be (-78)/(-8)*3556/21. Calculate the greatest common divisor of 13 and b.
13
Suppose -4 = -18*o + 14*o, -2*o = 3*q - 14. What is the highest common divisor of q and 21?
1
Let l be (5 + 343/(-28))*-12*1. Let c be 96/3*(0 - -1). Let h be l/2*c/6. What is the highest common factor of h and 29?
29
Let q be (-10)/3*342/(-95). What is the highest common divisor of 84 and q?
12
Let n = 146 + -135. Suppose -64 = -n*t + 10*t. Calculate the highest common factor of 48 and t.
16
Let h = 714 + -699. What is the greatest common factor of h and 105?
15
Let h(g) = g**2 - 4*g**2 + g**2 + 14*g - 7. Let k be (-144)/32*(0 + (-4)/3). Let u be h(k). Calculate the greatest common divisor of 15 and u.
5
Let p(d) = -d**3 - d**2 - 2*d + 3. Let z be p(0). Suppose -3*n + 2 = -5*c, -n + 60 = 4*n + 3*c. What is the greatest common factor of z and n?
3
Suppose -2*d + 136 = 4*n, 2*n + 8 = 3*d + 92. Calculate the greatest common divisor of 972 and n.
36
Supp